{"id":767,"date":"2013-04-03T13:40:56","date_gmt":"2013-04-03T13:40:56","guid":{"rendered":"http:\/\/uweb.deis.unical.it\/leim\/?page_id=767"},"modified":"2013-04-03T13:40:56","modified_gmt":"2013-04-03T13:40:56","slug":"summer-school-2013","status":"publish","type":"page","link":"https:\/\/events.dimes.unical.it\/ddas13\/summer-school-2013\/","title":{"rendered":"Summer school 2013"},"content":{"rendered":"<h1 style=\"text-align: center\"><strong><em><br \/>\n<span style=\"color: #000000\"><a title=\"UPC\" href=\"http:\/\/www.upc.edu\/?set_language=en\" target=\"_blank\">Universitat Polit\u00e8cnica de Catalunya (UPC)<\/a><\/span><br \/>\n<\/em><\/strong><\/h1>\n<h3 style=\"text-align: center\">SARTI Research Group<br \/>\nDepartment of Electronic Engineering<\/h3>\n<p style=\"text-align: center\"><span style=\"color: #000000\"><strong style=\"font-size: 16px\"><strong>July 15 &#8211; 19, 2013<\/strong><\/strong><\/span><\/p>\n<p>&nbsp;<\/p>\n<p align=\"center\">Director:\u00a0<strong>Prof. Domenico Grimaldi<\/strong><\/p>\n<p align=\"center\">E.mail:\u00a0<a title=\"Contact Manager\" href=\"mailto:grimaldi@deis.unical.it\">grimaldi@deis.unical.it\u00a0<\/a>\u00a0&#8211; Tel: +39 0984 494712 &#8211; FAX:\u00a0+39\u00a00984 494712<\/p>\n<p align=\"center\">Local organizer:\u00a0<strong>Joaqu\u00edn del R\u00edo Fern\u00e1ndez<\/strong><\/p>\n<p align=\"center\">E.mail:\u00a0<a href=\"https:\/\/mail2.deis.unical.it\/horde\/imp\/message.php?mailbox=%2A%2Asearch_4w0uwmbf198g004g88www8&amp;index=64937&amp;thismailbox=INBOX#\">joaquin.del.rio@upc.edu<\/a>\u00a0&#8211; Tel: +34 93 896 72 03<\/p>\n<p align=\"center\">Webmaster:\u00a0<strong>Domenico Luca Carn\u00ec<\/strong><\/p>\n<p align=\"center\">E.mail:\u00a0<a title=\"Contact Manager\" href=\"mailto:dlcarni@deis.unical.it\">dlcarni@deis.unical.it\u00a0<\/a><\/p>\n","protected":false},"excerpt":{"rendered":"<p>Universitat Polit\u00e8cnica de Catalunya (UPC) SARTI Research Group Department of Electronic Engineering July 15 &#8211; 19, 2013 &nbsp; Director:\u00a0Prof. Domenico Grimaldi E.mail:\u00a0grimaldi@deis.unical.it\u00a0\u00a0&#8211; Tel: +39 0984 494712 &#8211; FAX:\u00a0+39\u00a00984 494712 Local organizer:\u00a0Joaqu\u00edn del R\u00edo Fern\u00e1ndez E.mail:\u00a0joaquin.del.rio@upc.edu\u00a0&#8211; Tel: +34 93 896 72 &hellip; <a href=\"https:\/\/events.dimes.unical.it\/ddas13\/summer-school-2013\/\">Continua a leggere<span class=\"meta-nav\">&rarr;<\/span><\/a><\/p>\n","protected":false},"author":6,"featured_media":780,"parent":0,"menu_order":0,"comment_status":"closed","ping_status":"closed","template":"","meta":{"inline_featured_image":false,"footnotes":""},"class_list":["post-767","page","type-page","status-publish","has-post-thumbnail","hentry"],"_links":{"self":[{"href":"https:\/\/events.dimes.unical.it\/ddas13\/wp-json\/wp\/v2\/pages\/767","targetHints":{"allow":["GET"]}}],"collection":[{"href":"https:\/\/events.dimes.unical.it\/ddas13\/wp-json\/wp\/v2\/pages"}],"about":[{"href":"https:\/\/events.dimes.unical.it\/ddas13\/wp-json\/wp\/v2\/types\/page"}],"author":[{"embeddable":true,"href":"https:\/\/events.dimes.unical.it\/ddas13\/wp-json\/wp\/v2\/users\/6"}],"replies":[{"embeddable":true,"href":"https:\/\/events.dimes.unical.it\/ddas13\/wp-json\/wp\/v2\/comments?post=767"}],"version-history":[{"count":0,"href":"https:\/\/events.dimes.unical.it\/ddas13\/wp-json\/wp\/v2\/pages\/767\/revisions"}],"wp:featuredmedia":[{"embeddable":true,"href":"https:\/\/events.dimes.unical.it\/ddas13\/wp-json\/wp\/v2\/media\/780"}],"wp:attachment":[{"href":"https:\/\/events.dimes.unical.it\/ddas13\/wp-json\/wp\/v2\/media?parent=767"}],"curies":[{"name":"wp","href":"https:\/\/api.w.org\/{rel}","templated":true}]}}